 - 0*x. What is the highest common factor of d and 5?
5
Let a be (-272)/(-20)*5/2. Suppose 3*w - 4*p - a = w, -5*w + 141 = 4*p. What is the greatest common factor of 10 and w?
5
Suppose 4*p - 16 - 28 = 0. Let r(d) = d**3 - 11*d**2 + 2*d + 14. Let b be r(p). Calculate the greatest common divisor of b and 90.
18
Let v(u) = u**2 - 9*u - 13. Let j be v(11). Calculate the greatest common factor of 1 and j.
1
Let f be 82/(-28)*-2 + (-1)/(-7). Calculate the greatest common divisor of f and 54.
6
Suppose -5*f + f = -12, f - 488 = 5*d. Let n = d - -187. What is the greatest common factor of 18 and n?
18
Let y be (1 - -16)*(-1 - -2). Let r be 2/(-2) + y + 0. Suppose 5*m - r = 134. What is the highest common divisor of m and 6?
6
Let q(f) = 2*f**2 - 3*f + 2. Let g be q(2). Suppose -48 = -3*h + 2*o, g*h - 14 = 5*o + 57. What is the highest common divisor of 14 and h?
14
Let x = 9 - 3. Let h be ((-2)/x)/((-6)/18). Let i(b) = b**3 - 6*b**2 + 1. Let t be i(6). Calculate the greatest common factor of h and t.
1
Let t(a) = 3*a**2 + 5*a + 3. Let u be t(-3). Let d be (u/(-6))/(2/(-4)). Let w = 0 - -5. What is the highest common factor of w and d?
5
Let j(r) = r**2 + 6*r - 9. Let a be j(-8). Suppose 31 = 6*p + a. What is the greatest common divisor of p and 1?
1
Let i(r) = -183*r - 1. Let m be i(-1). Calculate the greatest common divisor of 26 and m.
26
Suppose -4*s + 80 + 76 = -3*c, 3*s - 118 = 2*c. Let w = 20 - 1. Let n = -13 + w. What is the highest common factor of n and s?
6
Let l(p) = -2*p - 54. Let x be l(0). Let u = -32 - x. What is the greatest common factor of u and 22?
22
Suppose 0 = -0*b - b + 4. What is the greatest common factor of 10 and b?
2
Suppose 0 = -3*b + 8*b + 4*l - 957, -558 = -3*b + 3*l. Calculate the greatest common factor of b and 9.
9
Let q be (486/15 - (-4)/(-10))*1. What is the greatest common divisor of q and 24?
8
Suppose j - 23 = -5*p, -4*p = 5*j - 10 - 0. Suppose h + y = 10, -y - 10 = -h + y. Let z be 152/h + 5/(-25). Calculate the greatest common factor of p and z.
5
Let b be (10 + 0)*8/5. Calculate the greatest common factor of b and 4.
4
Let d be ((0 - 0) + 0)/(-2). Let y(m) = -m**2 + 15. Let b be y(d). Let j(u) = 53*u - 1. Let r be j(2). What is the highest common factor of b and r?
15
Suppose 3*i - 213 = -2*q - 0*i, -i = 4*q - 421. What is the highest common factor of q and 15?
15
Let k(u) = -u**3 - 2*u**2 - u + 1. Let w be k(-2). Let x be w*(48/(-9))/(-2). Calculate the greatest common factor of x and 32.
8
Suppose -5*c - 3*y + 120 = 0, c - 3*y + 57 = 3*c. What is the greatest common factor of 231 and c?
21
Let b = -2 - -4. Suppose g = 3*z - 9, 2*z + z - 6 = b*g. Suppose 3*f - z*f + 27 = 0. What is the greatest common divisor of f and 18?
9
Suppose 0 = 3*n - 5*a - 90, 4*n = -4*a - a + 155. Let y(u) = -u**2 - 25*u - 17. Let j be y(-24). What is the highest common divisor of n and j?
7
Let y = 2 + 0. Suppose -y*c + z = -3*z - 16, -c + 3*z = -8. Let u be (-2)/c - 253/(-4). Calculate the greatest common factor of u and 7.
7
Let t be (-64)/(-12) + 2/(-6). Suppose 8 = 3*v - 4*h, t*v = -5*h - 11 + 36. What is the greatest common divisor of v and 28?
4
Let p(v) = 2*v - 9. Let x be p(6). Suppose -117 = -3*u + x*o, -5 + 124 = 3*u - 5*o. What is the highest common divisor of 57 and u?
19
Let c = 5 + -10. Let u(w) = -w**3 - 6*w**2 - 4*w + 6. Let f be u(c). Calculate the greatest common divisor of 8 and f.
1
Suppose -21 = -0*s - 3*s. Suppose -2*m + 1 = -83. Calculate the highest common divisor of m and s.
7
Let z be (-25 - 245)*(1 - 14/10). What is the greatest common divisor of z and 6?
6
Let u = -57 + 93. Calculate the greatest common factor of 108 and u.
36
Let l = 97 - 69. Let t(j) = 1 + 2 - 5 + 19*j - 4. Let z be t(4). Calculate the highest common factor of z and l.
14
Let m = -11 - -51. What is the highest common factor of 5 and m?
5
Let q be 17/3 + 2/(-3). Let o be -2 + 1 + -2 - -139. Let f = o - 81. Calculate the highest common divisor of q and f.
5
Let f = -199 + 213. Let d be 2/(-6) - 106/(-3). What is the greatest common divisor of d and f?
7
Let y = 7 - 4. Let g = 236 - 203. Calculate the highest common factor of g and y.
3
Suppose 0 = z + 4*h - 4, -4*z + 5 + 11 = h. Suppose 0*o + 440 = z*o. Suppose 0 = -5*q + 15 + 35. Calculate the highest common divisor of q and o.
10
Suppose 0*r = -5*r + 650. Calculate the highest common factor of 26 and r.
26
Let h = 15 - -64. Suppose 65 = 3*c - h. Let u(l) = l**3 + 6*l**2 - 2*l - 6. Let y be u(-6). What is the greatest common factor of y and c?
6
Let w = -13 - -25. Let r = 73 - 13. Calculate the greatest common factor of w and r.
12
Suppose 28 = 3*q + x - 2*x, 4*q = 5*x + 30. Calculate the greatest common factor of 30 and q.
10
Suppose w + 0*w - 72 = 0. Suppose 0*a + 31 = 3*o - 4*a, 0 = 4*a + 4. Calculate the highest common factor of o and w.
9
Let n(y) = y + 36. Let h(j) be the third derivative of -j**4/24 + j**3/3 - j**2. Let u be h(2). Let l be n(u). Calculate the highest common factor of 4 and l.
4
Suppose -2 + 6 = 4*o. Suppose 0*j = -5*j + 35. Calculate the greatest common factor of o and j.
1
Let r be ((-441)/12)/((-6)/16). Calculate the greatest common divisor of 14 and r.
14
Let i = 57 - 42. Calculate the highest common factor of 120 and i.
15
Let a(v) = 2*v**2 + 3*v - 15. Let h be a(6). Let c(l) = l**3 + 30. Let r be c(0). What is the highest common divisor of r and h?
15
Suppose 4*f - 2*x + 96 = 0, f + 2 = x - 24. Let r be 2/(2*(-2)/f). What is the greatest common factor of r and 99?
11
Suppose 0 = 7*m + 17 - 1529. Calculate the highest common factor of m and 24.
24
Suppose -5*a = z - 217, -a + 5*a - 4*z - 188 = 0. What is the greatest common factor of a and 44?
44
Suppose 3*y + 2*y = 5*n - 20, 5*y + 2*n + 6 = 0. Let w(z) = 2 + 3*z**2 - 1 - 2*z**3 - 3 + z. Let i be w(y). Calculate the greatest common factor of 3 and i.
3
Let i be (2*1/6)/((-3)/(-144)). Let f(j) = j**3 - 3*j**2 + 4. Let w be f(6). What is the highest common divisor of i and w?
16
Let j = 581 - 293. Suppose j = 8*l - 4*l. What is the highest common divisor of 9 and l?
9
Let w = 249 - 172. What is the highest common factor of 11 and w?
11
Let l be 4 - (-3 - -1 - 0). What is the highest common divisor of l and 48?
6
Suppose -4*s - 13 = -3*a, 11 = 2*a + a - 2*s. Let y = 3 - 2. Suppose y = u, -a*u - 142 = -2*l - u. What is the greatest common divisor of l and 8?
8
Suppose -n + 17 = 3*l, 6*l - 7 = n + 3*l. Let u be n/2*42/5. Calculate the greatest common factor of u and 105.
21
Suppose r + 12 - 3 = 0. Let n be 1 + -1 + (-3 - r). Let z(s) = -s**3 + 6*s**2 + s. Let b be z(n). Calculate the highest common divisor of b and 4.
2
Suppose -5*h - 37 - 63 = 5*m, 3*m + 48 = 3*h. Let o be m/(-27) - (-98)/6. Calculate the greatest common factor of 153 and o.
17
Let q be (3 - -1)*9/6. Suppose -3*s + 6 = -6. Let n(i) = i**3 - 3*i**2 - 3*i. Let w be n(s). Calculate the greatest common factor of q and w.
2
Suppose 4*x - b - 44 = 0, 0 = -x + 3*x - b - 20. What is the highest common divisor of 120 and x?
12
Let x(v) = -9*v - 9. Let o be x(-3). Let c = 63 - 9. Calculate the greatest common factor of o and c.
18
Suppose 0 = 5*f - 3*r - 89, -f = -4*r - 0*r - 28. What is the greatest common factor of 40 and f?
8
Let k be 4/(-4*1) + 5 + 36. What is the highest common divisor of k and 20?
20
Let p = 45 - 16. Suppose p = 4*w - 35. What is the greatest common divisor of w and 32?
16
Let i = 6 - 4. Let r = 6 - i. Let x be r/6 - (-86)/6. Calculate the greatest common divisor of 15 and x.
15
Suppose 3*n + 5 = 4*a, -3*n + 0*a + 30 = 3*a. Let x(k) = -3*k**3 + n*k**3 - 2*k**2 - k**3 + 2. Let c be x(2). What is the highest common factor of c and 14?
2
Suppose 174 = 3*h - 630. Suppose 5*f = h - 23. Let l = f + -28. Calculate the greatest common factor of 14 and l.
7
Let t(l) = -l**2 - 2*l + 1 + 2*l. Let v be t(1). Let k be 28/4 + v + 0. Calculate the greatest common factor of 7 and k.
7
Suppose 0*k - 2*k + 3*g + 29 = 0, -24 = -3*k - 2*g. What is the highest common divisor of k and 30?
10
Let g = -9 + 10. Let a be 3 + (g - 1) - -4. Let i be (2/6)/(2/42). Calculate the highest common divisor of a and i.
7
Let v be 18 + (2 - 2)/(-1). Let j = -101 - -113. What is the greatest common divisor of v and j?
6
Suppose -6*a = -11 - 25. Calculate the greates